{"id":25,"date":"2022-01-27T14:12:24","date_gmt":"2022-01-27T13:12:24","guid":{"rendered":"https:\/\/studiogranero.it\/?page_id=25"},"modified":"2023-03-10T15:15:33","modified_gmt":"2023-03-10T14:15:33","slug":"consulenza-crisi-da-sovraindebitamento","status":"publish","type":"page","link":"https:\/\/studiogranero.it\/?page_id=25","title":{"rendered":"Consulenza crisi da sovraindebitamento\u00a0\u00a0\u00a0\u00a0\u00a0\u00a0\u00a0\u00a0\u00a0\u00a0\u00a0\u00a0\u00a0"},"content":{"rendered":"\n<p>Come consulente per la crisi da sovraindebitamento, il mio obiettivo principale \u00e8 quello di aiutare il cliente a uscire dalla situazione di difficolt\u00e0 finanziaria in cui si trova. Uno dei modi per farlo \u00e8 attraverso l&#8217;utilizzo degli strumenti previsti dalla legge italiana n. 3\/2012.<\/p>\n\n\n\n<p>La legge prevede l&#8217;istituzione di un procedimento di composizione della crisi da sovraindebitamento, che consente al debitore di concludere un accordo con i suoi creditori per ridurre il debito e stabilire un piano di pagamento che sia sostenibile per il debitore.<\/p>\n\n\n\n<p>Il procedimento di composizione della crisi da sovraindebitamento \u00e8 un&#8217;alternativa alla procedura di fallimento e pu\u00f2 essere avviato dal debitore, dai creditori o dal giudice. Il procedimento \u00e8 finalizzato a raggiungere un accordo tra il debitore e i creditori sulla base del quale il debitore possa ripagare il debito in modo sostenibile nel tempo.<\/p>\n\n\n\n<p>L&#8217;accordo di composizione della crisi da sovraindebitamento pu\u00f2 prevedere una riduzione del debito o una dilazione del pagamento. Inoltre, la legge prevede l&#8217;obbligo per i creditori di sospendere qualsiasi azione esecutiva nei confronti del debitore durante la fase di trattativa per la composizione della crisi.<\/p>\n\n\n\n<p>In questo modo, il debitore ha la possibilit\u00e0 di riprendere il controllo della sua situazione finanziaria e di ripagare i suoi debiti in modo sostenibile nel tempo. Come consulente per la crisi da sovraindebitamento, il tuo compito \u00e8 quello di guidare il tuo cliente attraverso il processo di composizione della crisi, aiutandolo a negoziare con i suoi creditori e a raggiungere un accordo che sia vantaggioso per entrambe le parti.<\/p>\n","protected":false},"excerpt":{"rendered":"<p>Come consulente per la crisi da sovraindebitamento, il mio obiettivo principale \u00e8 quello di aiutare il cliente a uscire dalla situazione di difficolt\u00e0 finanziaria in cui si trova. Uno dei modi per farlo \u00e8 attraverso l&#8217;utilizzo degli strumenti previsti dalla legge italiana n. 3\/2012. La legge prevede l&#8217;istituzione di un procedimento di composizione della crisi [&hellip;]<\/p>\n","protected":false},"author":1,"featured_media":0,"parent":0,"menu_order":0,"comment_status":"closed","ping_status":"closed","template":"","meta":{"_themeisle_gutenberg_block_has_review":false,"_citadela_hide_page_title":"","_citadela_remove_header_space":"","_citadela_custom_class":"","footnotes":""},"class_list":["post-25","page","type-page","status-publish","hentry"],"_links":{"self":[{"href":"https:\/\/studiogranero.it\/index.php?rest_route=\/wp\/v2\/pages\/25","targetHints":{"allow":["GET"]}}],"collection":[{"href":"https:\/\/studiogranero.it\/index.php?rest_route=\/wp\/v2\/pages"}],"about":[{"href":"https:\/\/studiogranero.it\/index.php?rest_route=\/wp\/v2\/types\/page"}],"author":[{"embeddable":true,"href":"https:\/\/studiogranero.it\/index.php?rest_route=\/wp\/v2\/users\/1"}],"replies":[{"embeddable":true,"href":"https:\/\/studiogranero.it\/index.php?rest_route=%2Fwp%2Fv2%2Fcomments&post=25"}],"version-history":[{"count":2,"href":"https:\/\/studiogranero.it\/index.php?rest_route=\/wp\/v2\/pages\/25\/revisions"}],"predecessor-version":[{"id":127,"href":"https:\/\/studiogranero.it\/index.php?rest_route=\/wp\/v2\/pages\/25\/revisions\/127"}],"wp:attachment":[{"href":"https:\/\/studiogranero.it\/index.php?rest_route=%2Fwp%2Fv2%2Fmedia&parent=25"}],"curies":[{"name":"wp","href":"https:\/\/api.w.org\/{rel}","templated":true}]}}